{"id":462,"date":"2019-07-28T20:49:05","date_gmt":"2019-07-28T18:49:05","guid":{"rendered":"http:\/\/welschontour.travel.blog\/?page_id=462"},"modified":"2019-09-22T23:16:00","modified_gmt":"2019-09-22T21:16:00","slug":"zillertal-2019-hainzenberg","status":"publish","type":"page","link":"https:\/\/welschontour.de\/?page_id=462","title":{"rendered":"Zillertal 2019 &#8211; Hainzenberg"},"content":{"rendered":"\n<p>Unser diesj\u00e4hriger Wanderurlaub f\u00fchrt uns wieder ins wundersch\u00f6ne Zillertal, nach <strong>Hainzenberg-D\u00f6rfl<\/strong>. Das Zillertal ist schon zum zweiten Mal unser Ziel &#8211; nach 2018 zieht es uns wieder in die Gegend um Mayrhofen an den Fu\u00df der Dreitausender!<\/p>\n\n\n\n<p>Das Alpine Bergwandern hat es uns angetan, wir genie\u00dfen einfach gerne die Freiheit auf den Bergen, die gute Luft, das \u00f6sterreichische Essen auf den H\u00fctten und das gute Gef\u00fchl etwas geschafft zu haben nach einer gro\u00dfen Tour!<\/p>\n\n\n\n<p>Am <strong>Sonntag, 04. August 2019<\/strong> ging&#8217;s los. Wir haben viel erlebt! In <strong>neun <\/strong>Bergtouren haben wir laut Komoot folgendes zur\u00fcckgelegt:<\/p>\n\n\n\n<ul class=\"wp-block-list\"><li>4.800 H\u00f6henmeter bergauf<\/li><li>5.830 H\u00f6henmeter bergab<\/li><li>89,11 km an Strecke<\/li><li>40 Stunden und 35 Minuten<\/li><\/ul>\n\n\n\n<p>Aber nicht immer ging es nur die Berge hoch &#8211; wir haben auch Spazierg\u00e4nge und Ausfl\u00fcge unternommen, und wieder viel Interessantes gelernt! Wir hoffen, Ihr habt Spa\u00df an den Berichten und den Bildern!<\/p>\n\n\n\n<p>An dieser Stelle nochmals herzlichen Dank und viele Gr\u00fc\u00dfe an die <strong>Gitti Fankhauser<\/strong> unserer Hauswirtin! Wir haben uns in der <a rel=\"noreferrer noopener\" aria-label=\"Ferienwohnung  (\u00f6ffnet in neuem Tab)\" href=\"https:\/\/www.apart-fankhauser.at\/\" target=\"_blank\">Ferienwohnung <\/a>sehr wohl gef\u00fchlt und empfehlen dich gerne weiter! \ud83d\ude09<\/p>\n\n\n\n<p>Viel Spa\u00df,<\/p>\n\n\n\n<p>Michaela und Mathias<\/p>\n","protected":false},"excerpt":{"rendered":"<p>Unser diesj\u00e4hriger Wanderurlaub f\u00fchrt uns wieder ins wundersch\u00f6ne Zillertal, nach Hainzenberg-D\u00f6rfl. Das Zillertal ist schon zum zweiten Mal unser Ziel &#8211; nach 2018 zieht es uns wieder in die Gegend&#8230;<\/p>\n<div class=\"more-link-wrapper\"><a class=\"more-link\" href=\"https:\/\/welschontour.de\/?page_id=462\">Weiterlesen<span class=\"screen-reader-text\">Zillertal 2019 &#8211; Hainzenberg<\/span><\/a><\/div>\n","protected":false},"author":1,"featured_media":968,"parent":28,"menu_order":0,"comment_status":"closed","ping_status":"closed","template":"","meta":{"iawp_total_views":13,"footnotes":""},"class_list":["post-462","page","type-page","status-publish","has-post-thumbnail","hentry","excerpt"],"jetpack_sharing_enabled":true,"_links":{"self":[{"href":"https:\/\/welschontour.de\/index.php?rest_route=\/wp\/v2\/pages\/462","targetHints":{"allow":["GET"]}}],"collection":[{"href":"https:\/\/welschontour.de\/index.php?rest_route=\/wp\/v2\/pages"}],"about":[{"href":"https:\/\/welschontour.de\/index.php?rest_route=\/wp\/v2\/types\/page"}],"author":[{"embeddable":true,"href":"https:\/\/welschontour.de\/index.php?rest_route=\/wp\/v2\/users\/1"}],"replies":[{"embeddable":true,"href":"https:\/\/welschontour.de\/index.php?rest_route=%2Fwp%2Fv2%2Fcomments&post=462"}],"version-history":[{"count":0,"href":"https:\/\/welschontour.de\/index.php?rest_route=\/wp\/v2\/pages\/462\/revisions"}],"up":[{"embeddable":true,"href":"https:\/\/welschontour.de\/index.php?rest_route=\/wp\/v2\/pages\/28"}],"wp:featuredmedia":[{"embeddable":true,"href":"https:\/\/welschontour.de\/index.php?rest_route=\/wp\/v2\/media\/968"}],"wp:attachment":[{"href":"https:\/\/welschontour.de\/index.php?rest_route=%2Fwp%2Fv2%2Fmedia&parent=462"}],"curies":[{"name":"wp","href":"https:\/\/api.w.org\/{rel}","templated":true}]}}