{"id":457,"date":"2019-07-01T18:10:54","date_gmt":"2019-07-01T16:10:54","guid":{"rendered":"http:\/\/welschontour.travel.blog\/?page_id=457"},"modified":"2019-12-30T12:16:58","modified_gmt":"2019-12-30T10:16:58","slug":"wir-gehen-den-neckarsteig","status":"publish","type":"page","link":"https:\/\/welschontour.de\/?page_id=457","title":{"rendered":"Wir gehen den Neckarsteig!"},"content":{"rendered":"\n<p>Wem ging es noch nicht so: man f\u00e4hrt in Urlaub, macht Ausfl\u00fcge, um tolle Gegenden und Sehensw\u00fcrdigkeiten zu sehen, doch f\u00fcr die sch\u00f6nen Spots zuhause hat man eigentlich keine Augen. Leute erz\u00e4hlen einem davon wie toll es hier und da war, man wohnt genau daneben und hat es selbst aber noch nie betrachtet.<\/p>\n\n\n\n<p>So \u00e4hnlich ging es uns mit dem Neckarsteig. <strong>Der Neckarsteig<\/strong> ist ein preisgekr\u00f6nter Fernwanderweg, der &#8211; eingeteilt in 9 Etappen &#8211; von Heidelberg bis Bad Wimpfen (128 km) immer entlang des Neckars f\u00fchrt &#8211; hier der <a rel=\"noreferrer noopener\" aria-label=\"Link  (\u00f6ffnet in neuem Tab)\" href=\"https:\/\/neckarsteig.de\" target=\"_blank\">Link <\/a>zur offiziellen Webseite.<\/p>\n\n\n\n<p>Die einzelnen Etappen werden wir nat\u00fcrlich nicht auf einmal gehen, neun Tage am St\u00fcck, was auch manche so machen. Hier nutzen wir unseren Heimvorteil und suchen uns immer wieder einen sch\u00f6nen Tag aus. Die einzelnen Etappen sind zwischen 9 und 19 km lang. Entlang des Weges erwartet uns viel mittelalterliche Geschichte, diverse Burgen und Ruinen, aber auch die wundersch\u00f6ne Natur des Neckartals, sowie historische kleine St\u00e4dtchen, Fachwerkh\u00e4user, und vieles mehr.<\/p>\n\n\n\n<p>Wir starten am 15. April 2018 mit der ersten Etappe direkt in Heidelberg unter dem Schloss. Ab jetzt geht&#8217;s immer der Neckarsteig-Markierung nach, dem blauen geschwungenen &#8222;N&#8220;.<\/p>\n\n\n\n<div class=\"wp-block-image\"><figure class=\"aligncenter size-large\"><img loading=\"lazy\" decoding=\"async\" width=\"1024\" height=\"683\" src=\"https:\/\/welschontour.de\/wp-content\/uploads\/2019\/12\/XT2X0473-1024x683.jpg\" alt=\"\" class=\"wp-image-1259\" srcset=\"https:\/\/welschontour.de\/wp-content\/uploads\/2019\/12\/XT2X0473-1024x683.jpg 1024w, https:\/\/welschontour.de\/wp-content\/uploads\/2019\/12\/XT2X0473-300x200.jpg 300w, https:\/\/welschontour.de\/wp-content\/uploads\/2019\/12\/XT2X0473-768x512.jpg 768w, https:\/\/welschontour.de\/wp-content\/uploads\/2019\/12\/XT2X0473-1536x1024.jpg 1536w, https:\/\/welschontour.de\/wp-content\/uploads\/2019\/12\/XT2X0473-2048x1365.jpg 2048w\" sizes=\"auto, (max-width: 1024px) 100vw, 1024px\" \/><figcaption>Auf dem Neckarsteig &#8211; folge dem blauen N<\/figcaption><\/figure><\/div>\n\n\n\n<p>Viel Spa\u00df beim Mitwandern!<\/p>\n\n\n\n<p>Michaela und Mathias<\/p>\n","protected":false},"excerpt":{"rendered":"<p>Wem ging es noch nicht so: man f\u00e4hrt in Urlaub, macht Ausfl\u00fcge, um tolle Gegenden und Sehensw\u00fcrdigkeiten zu sehen, doch f\u00fcr die sch\u00f6nen Spots zuhause hat man eigentlich keine Augen.&#8230;<\/p>\n<div class=\"more-link-wrapper\"><a class=\"more-link\" href=\"https:\/\/welschontour.de\/?page_id=457\">Weiterlesen<span class=\"screen-reader-text\">Wir gehen den Neckarsteig!<\/span><\/a><\/div>\n","protected":false},"author":1,"featured_media":1265,"parent":31,"menu_order":0,"comment_status":"closed","ping_status":"closed","template":"","meta":{"iawp_total_views":9,"footnotes":""},"class_list":["post-457","page","type-page","status-publish","has-post-thumbnail","hentry","excerpt"],"jetpack_sharing_enabled":true,"_links":{"self":[{"href":"https:\/\/welschontour.de\/index.php?rest_route=\/wp\/v2\/pages\/457","targetHints":{"allow":["GET"]}}],"collection":[{"href":"https:\/\/welschontour.de\/index.php?rest_route=\/wp\/v2\/pages"}],"about":[{"href":"https:\/\/welschontour.de\/index.php?rest_route=\/wp\/v2\/types\/page"}],"author":[{"embeddable":true,"href":"https:\/\/welschontour.de\/index.php?rest_route=\/wp\/v2\/users\/1"}],"replies":[{"embeddable":true,"href":"https:\/\/welschontour.de\/index.php?rest_route=%2Fwp%2Fv2%2Fcomments&post=457"}],"version-history":[{"count":0,"href":"https:\/\/welschontour.de\/index.php?rest_route=\/wp\/v2\/pages\/457\/revisions"}],"up":[{"embeddable":true,"href":"https:\/\/welschontour.de\/index.php?rest_route=\/wp\/v2\/pages\/31"}],"wp:featuredmedia":[{"embeddable":true,"href":"https:\/\/welschontour.de\/index.php?rest_route=\/wp\/v2\/media\/1265"}],"wp:attachment":[{"href":"https:\/\/welschontour.de\/index.php?rest_route=%2Fwp%2Fv2%2Fmedia&parent=457"}],"curies":[{"name":"wp","href":"https:\/\/api.w.org\/{rel}","templated":true}]}}